e number?
False
Let z(j) = j**3 + 3*j**2 + 2*j + 2. Let u be z(-3). Let x(y) = -11*y**3 - 1 - 4*y**3 - y**2 - 2*y + 14*y**3. Is x(u) a prime number?
False
Let g(j) = -j**3 + 4*j**2 + j + 8251. Is g(0) composite?
True
Let x(s) be the second derivative of s**6/180 + s**5/120 + s**3 + 7*s. Let i(t) be the second derivative of x(t). Is i(5) a prime number?
False
Is 2128320/27 - 13/(-39) prime?
False
Let z be 1/((16/20)/(-4)). Let s(r) = -43*r + 2. Is s(z) prime?
False
Let o(j) = -12327*j**2 + 2*j - 1. Suppose 4*u = 9*u - 5. Let d be o(u). Is d/(-18) + 34/153 composite?
True
Suppose 2*y + y = -12. Let t = y - -12. Is ((-4)/(-6))/(t/1956) composite?
False
Let l be 6/3 - 173*-11. Suppose -3*i - 3*m - 18 = 0, -3*m - 2*m + 30 = -i. Is l/6*(-12)/i a composite number?
True
Suppose -30*j + 45599 = -310741. Is j a prime number?
False
Let b = -35 - -38. Let t(o) = 104*o + 19. Is t(b) composite?
False
Let z be ((-4)/5)/((-1)/(-5)). Let a be ((-2)/z)/((-6)/(-36)). Suppose a*k - 172 = -i + 262, -k - 4*i = -163. Is k a prime number?
False
Let r(t) be the second derivative of t**6/30 - t**5/30 + t**4/8 + 5*t**3/6 + 4*t. Let q(w) be the second derivative of r(w). Is q(2) a composite number?
False
Let w(r) = -5*r**3 - 11*r**2 - 7*r + 3. Suppose 16 = 3*z + z. Let a(k) = 6*k**3 + 11*k**2 + 7*k - 3. Let s(i) = z*w(i) + 3*a(i). Is s(-7) prime?
True
Let s(i) = i**3 + 6*i**2 - 5*i + 7. Let d be s(4). Suppose 1935 = 6*y - d. Is y a composite number?
False
Suppose s - 5 = -0. Suppose 3*q - s*k - 70 = 0, -2*k - 8 = -2*q + 32. Suppose 7*w = 2*w + m + 690, -q = -3*m. Is w composite?
False
Let g = 202505 + -110472. Is g a prime number?
True
Let f(u) = 2 - 6 - 605*u + 8 - 1. Suppose -3 + 11 = -2*w, -5*t - 14 = w. Is f(t) prime?
True
Let g be 2 - (0 - (-3 + 1)). Suppose -1355 = 3*v - 8*v. Suppose g = 5*b - 906 + v. Is b a composite number?
False
Suppose -18 - 2 = -f. Suppose f = 11*a - 6*a. Is a/((-4)/3) + 332 a composite number?
True
Let q(n) = -n**2 - n. Let t(f) = 15*f**2 + 7*f - 1. Let d(p) = 5*q(p) + t(p). Is d(5) composite?
True
Suppose 3*u - 10680 = -0*u. Suppose 7*k - u = 3*k. Suppose -m + 6*m - k = 0. Is m a composite number?
True
Suppose u = 3, -8*c + 2*u - 121 = -3*c. Suppose -2*s - 3*s = -5*m + 40, 14 = -s - 5*m. Let l = s - c. Is l a composite number?
True
Let k = 75 - 115. Is (-10300)/k - 2/4 a prime number?
True
Let r be (-2 - (-26)/3)*(-675)/(-6). Suppose -4*x - 5*c + 1233 = 0, -4*x + 4*c + r + 474 = 0. Is x composite?
False
Suppose 0 = 110*g - 100*g - 55390. Is g composite?
True
Let a be -409 - (2 + 0 + 0) - 3. Let h = 933 + a. Is h prime?
False
Let c = 90201 - 48158. Is c a prime number?
True
Let s be (-6)/(-3 + (-2)/(-10) + 3). Let z = s + 299. Is z a composite number?
False
Let v be (21/(-3) - 1)/(-2). Suppose 45 - 17 = v*y. Suppose -y*t + 4*t = -174. Is t composite?
True
Let v = -313 - -1712. Is v a composite number?
False
Let k be 1*2 + (24/8)/3. Suppose -749 = -o + 4*f, -3*o + k*f + f = -2287. Is o prime?
True
Suppose 0 = 23*j - 28*j + 19675. Is j prime?
False
Suppose 3*k = 3*o - 4608, -3*o + k + 1249 + 3349 = 0. Let n = -126 + o. Is n a prime number?
False
Let x = 5781 - 4102. Is x prime?
False
Let d(m) = -m**3 + 40*m**2 - 57*m + 41. Is d(34) a prime number?
True
Suppose 4*x - 44 - 4 = 0. Let z = 4117 + -2232. Suppose -7*f = -x*f + z. Is f a composite number?
True
Let m be (-3)/15 + 33/15. Suppose -5*c - m*r = -1633, 2*c - 2*r = -232 + 888. Suppose -c + 104 = -b. Is b composite?
False
Suppose -13559 = -5*y + 426. Suppose -z - 3751 = -4*d, -3*d = -11*z + 7*z - y. Is d a composite number?
True
Suppose 0 = -6*d + 4*d + 2, 4*v = 2*d + 70866. Is v a prime number?
False
Let m(l) be the first derivative of 26*l**3/3 - l**2/2 - 9*l + 8. Is m(-4) a prime number?
False
Let d be (-4)/(-6) - (-10)/(-15). Suppose d = -2*p + 8. Is p/(-22) + (-3773)/(-121) a composite number?
False
Suppose 0 = 1047*f - 1045*f - 5962. Is f a composite number?
True
Let y = 119134 + -74015. Is y composite?
False
Let q(j) = 15*j**2 + 38*j - 5. Is q(-6) a composite number?
False
Let p be (-29995)/(-20) - (-3)/12. Let g = -4760 + p. Is ((-1)/5)/(4/g) a composite number?
False
Let o = 17610 + -7560. Suppose 0 = k - 4, -1251 = 5*x + k - o. Is x prime?
True
Let g(v) = 337*v + 277*v + 2 + 100*v - 175*v. Is g(1) a composite number?
False
Suppose 0 = -5*g + 3 - 3. Suppose -4*a + 677 + 707 = g. Is a a prime number?
False
Suppose 0 = 4*b - b. Suppose -3*n - 2 = -4*n. Suppose 388 = 4*z + n*t, 0 = -5*z + 2*t - b*t + 485. Is z composite?
False
Let o(x) = -x**3 - 3*x**2 + 6*x + 1. Let z be o(-4). Let m(c) = -c - 7. Let l be m(z). Let y(g) = g**2 + g + 111. Is y(l) prime?
False
Let p be (-7)/((-28)/16) + -1. Suppose 0 = p*d - d - 3194. Is d composite?
False
Let z = 11 - 1. Suppose o = a + 1, -2*o = -o + 2*a - z. Suppose 4*k - 2*b - 388 = 0, -5*k + 742 - 257 = o*b. Is k a prime number?
True
Let m be 3 - (-2)/4*4174. Let l = -1134 - m. Is (-2)/4 - l/16 a prime number?
False
Suppose -h = -3*h - 4*h. Suppose h = -p + 2*t + 233, 2*p + 0*p + 3*t - 431 = 0. Is p a composite number?
False
Let c(u) = -18*u - 84. Let a be c(-8). Suppose 0 = -a*d + 58*d + 782. Is d a prime number?
False
Suppose -4*a - 3*d + d + 4434 = 0, 0 = -4*a - d + 4431. Let q = a + -434. Is q a prime number?
True
Suppose i + 0*i + 6115 = -r, -24450 = 4*i + 2*r. Is (i/(-30))/((-1)/(-3)) prime?
False
Suppose 0 = 5*o - 10, -9*o + 6018 = 2*k - 11*o. Is k a prime number?
True
Let m = 3112 - 2195. Is m composite?
True
Suppose -24*l + 22*l = -3046. Is l composite?
False
Let l(m) = -m**3 + 6*m**2 + 15*m + 8. Let n be l(8). Let y(v) be the second derivative of v**5/20 + v**4/12 - v**3/6 + 15*v**2/2 - v. Is y(n) a prime number?
False
Let z = 178777 - 95492. Is z a composite number?
True
Let g = -24 + 28. Suppose 4*v - 541 = p, 0*v = 2*v - g*p - 288. Is v a prime number?
False
Let s = 758 - 377. Let u = 676 - s. Is u prime?
False
Suppose 0*o - 5*b = -2*o + 2364, -2*o + 2352 = b. Is o composite?
True
Suppose -5*o + 4*o - 2*a = -18043, 54124 = 3*o + a. Is o prime?
True
Let t(h) = -h**3 + h**2 + 5*h - 8. Let u be t(2). Is u - (-95 + 1 - -1) a composite number?
True
Let q be (-2 - 1) + 5/((-20)/(-232)). Let w = q - 0. Is w prime?
False
Let p be (-1)/(-2)*(-2 + 20). Let q = p + -6. Is ((-31)/(-1))/(q/3) prime?
True
Let q(k) = 2*k**2 - 44*k + 136. Is q(-35) a composite number?
True
Suppose -1523 = -3*z + 1486. Is z a prime number?
False
Let f = 1584 + 253. Is f a prime number?
False
Let t = 2707 - -496. Suppose -k + 0*k - 3211 = -l, 0 = -l + 3*k + t. Is l composite?
True
Let f(j) = -j**3 + 61*j**2 + 57*j - 105. Is f(38) a prime number?
False
Let m = 40307 + 19646. Is m composite?
True
Suppose -2*z = -z. Let c(m) = m**2 - 2*m + 3. Let x be c(z). Suppose -2*w + 56 = t - 441, -2*t - x*w = -992. Is t a prime number?
False
Suppose -4*h - h = 0. Let i = -417 + 419. Suppose h*w - i*w = -212. Is w a composite number?
True
Suppose 3*n = 2*l + 8, l = -2*l + 3*n - 12. Let y(t) = -80*t + 5. Let j be y(l). Let q = j - 74. Is q composite?
False
Let n(k) = -k**3 + 8*k**2 + 17*k - 5. Let v be n(11). Let i = v - -342. Is i a composite number?
True
Suppose 0 = 3*i - 4 - 2. Suppose 0 = -4*b + i*b + 254. Is b composite?
False
Let k(y) = 5*y**3 - 9*y**2 - y - 12. Let m(o) = 4*o**3 - 9*o**2 - 2*o - 13. Let u(a) = 3*k(a) - 4*m(a). Is u(7) a composite number?
False
Suppose 416*i - 258974 = 414*i. Is i prime?
False
Suppose 4*y = 2*u + 978, 3*y + y = 5*u + 993. Let j = y + -156. Is j prime?
False
Suppose -p + 12802 = 2*u + p, p + 6403 = u. Suppose 2*s = -4*s + u. Is s a prime number?
False
Let l(p) be the first derivative of 47*p**3 - 4*p**2 + 5*p + 6. Is l(-10) composite?
True
Suppose 23 - 47 = -3*i. Let x(c) = 4*c - 11. Is x(i) a prime number?
False
Let c = 59145 - 37906. Is c a composite number?
True
Let j = 1485 - -26018. Is j a composite number?
True
Suppose -8 = 4*y + 12, -h - 5*y = 57. Let l = -60 - h. Let i = 237 - l. Is i a prime number?
False
Suppose 13*y - 15*y = 4, 2*y = -m + 11785. Is m a prime number?
True
Is ((-2299890)/1240)/(1*(-1)/4) prime?
False
Let u = -4 + 6. Suppose 0 = -u*j + 56 + 18. Suppose -2*y + j = -y. Is y prime?
True
Let m be (16/28)/(4/14). Suppose -o = f - 670, -4*f + 2615 = -m*o - 83. Is f a composite number?
False
Suppose -87 + 386 = -4*u + h, 5*u